67
-1 + 60 + 0 - (154 + -92 + -58 - 14)
69
(2 + -4 - -5) + -200 + 142
-55
What is (11 - -34) + -18 - (38 + 1)?
-12
Evaluate 120 + 30 + (42 - 116).
76
What is the value of (-210 - -198 - (-1 + -7)) + (0 - (-16 + 2))?
10
What is -86 + 71 + 28 + -53?
-40
What is (-3 - -45) + (179 - 155)?
66
What is (-3 + 5 - ((-6 - -6) + 0 + 10)) + 22?
14
What is (-3 - -13) + -5 - (1 - -123 - (333 - 336))?
-122
125 - (325 + -135 - 130)
65
What is the value of -32 + 722 + -718 + (1 + 1 - (2 + -2))?
-26
Evaluate -38 + 44 - (-7 + 3 + -2 - -2).
10
What is -76 - (26 - (36 - 2 - 38))?
-106
-34 + -19 - (58 - 54)
-57
Evaluate -20 + (17 + -10 - -83 - 19).
51
What is the value of -27 - (37 + -55) - (-2 - -10)?
-17
Evaluate 8 + -28 + 3 + (-13 - -10 - 10) + -5.
-35
What is 2 + (-83 - (3 - -21 - 24)) - (0 + -7)?
-74
What is 103 - 118 - (-1 + -108 + 1)?
93
What is the value of -7 + -2 + (23 - -32 - 36)?
10
What is (2 - -2 - -4 - 0) + -135 + -46 + 140?
-33
What is ((16 - 21) + 71 - 16) + -6 + 2?
46
What is 30 - -6 - (-7 + 36)?
7
(28 - 14) + 81 + -26 - 10
59
What is the value of -3 - (6 + -9 + -5 + -25)?
30
-153 + 161 + -104 - -113
17
What is -25 + -1 + 43 + (24 - 7)?
34
What is 9 - 16 - -52 - 47?
-2
-21 - 0 - (-17 + -36 + -23)
55
Calculate (73 - 82 - (0 + 0)) + 23 + -15.
-1
-66 + 77 + -26 + (24 - 2) - (0 + 11)
-4
(636 - 650) + 1 + 18 - 21
-16
Evaluate (-1 - 1) + 1 + (65 - 52) - 18.
-6
What is (13 + -25 - (-16 - 6)) + 18?
28
-10 + -14 + (10 - 12) + 15 - (4 - 6)
-9
Evaluate 98 + -104 + (77 - 22).
49
9 - (-9 + 19 + -19) - 23
-5
Calculate (7 + 12 - 9) + -11 - -22.
21
(3 - (8 + 3)) + -90 + 2 + (22 - 27)
-101
(-11 - -74) + (150 - 224)
-11
Calculate -35 + -5 + (8 - -34).
2
Evaluate -19 - (-5 + 4 + (0 - 3) - (-543 + 540)).
-18
13 - (66 - (24 - -12))
-17
What is (-98 - -50 - -126) + -57?
21
Evaluate -5173 + 5271 + (0 - 230).
-132
(-2 - -1) + -60 - (39 + 0 - (2376 - 2344))
-68
What is the value of (5 - (-7 - -25)) + 16 + -6 + -29?
-32
Evaluate 0 + 10 + -42 + -9 + (-1 - -13).
-29
What is the value of 636 + -619 + (1 - 7) + -1?
10
What is the value of (1 - -44) + (-6 - 18) - (-3 + 20)?
4
Calculate -14 - (15 - -3 - 11) - ((-1 - 3) + -7).
-10
(-12 - (2 - 70 - (-22 - -17))) + -6
45
-3 + -6 + 18 - (-31 + -36)
76
Evaluate (33 - 23) + -20 - (4 + -3 - (50 - 4)).
35
(-148 - -166) + (7 - 47) - (2 - -59)
-83
21262 + -21267 + 94 + 0
89
What is the value of (10 - (-2 + -1)) + 30 + -122 + 3?
-76
Evaluate (19 - (-16 + -95)) + -118.
12
What is 0 + (77 + -6 - 6) - (-10 - -5)?
70
What is -25 - (89 + 3 + -6 - (-7 - -14))?
-104
(-9 - 0) + (-25 - -11)
-23
What is (20 - 61) + 14 - (28 + -22 + (3 - -1))?
-37
Calculate 7 + 28 + 10 + -54 + 18.
9
Calculate -2 + 17 + -32 + -67 - (-1 + -1 + 2).
-84
What is (0 - -5 - 51) + 5 + (13 - 9) + 1?
-36
What is the value of (15 - -23 - 41) + 17?
14
What is the value of 4 + 1 - (434 - 422)?
-7
Calculate -25 + (52 - 32 - (15 + 4)).
-24
Calculate 11 - (120 + 1 + -8 + (0 - (-13 - -19))).
-96
Evaluate (-2 - 0) + 269 + -279 + 52 + (-4 - -3).
39
What is (-12 - -19) + 56 + 9 - -13?
85
What is the value of (7 + -35 + 15 - (-2 + -1)) + 38?
28
Calculate 84 - (38 + 88 + -73).
31
What is -10 + (-40 - 9) - (-1 - 14 - -3) - 7?
-54
What is 74 + (-54 - -32) + 14 + -25?
41
Calculate 3 - (-2 - -4 - (1 + (-13 - -22) + 18)).
29
Calculate 39 + (86 - 23) - 54.
48
What is 2 + 50 + -7 + (2 - (-4 + 5) - 1)?
45
23 - (62 + -25) - -37
23
What is (1 + -10 - (-1 - 8)) + -4 - -3?
-1
What is the value of -731 - -708 - (-1 - 20) - (-64 + (-2 - -5))?
59
What is the value of 8 + (-26 - -8 - 12) + 3?
-19
What is the value of -10 + -18 - ((-4 - 1) + (-21 - -22) - 5)?
-19
Calculate -64 - (24 + (112 - 74)) - (0 - (6 - 0)).
-120
(1 + -30 - -26) + (-5 - -2) + -17 + 10
-13
-12 - (-26 - (0 - -26))
40
What is -46 - (-45 + (68 - 34 - 2))?
-33
Evaluate (-234 - -230) + (-4 - (-38 + (5 - (3 - -4)))).
32
2 + 206 - (-5656 - -5772)
92
What is the value of -10 - -11 - -9 - (-63 + 17)?
56
What is 97 - (130 - -7 - 106)?
66
What is the value of -18 - (-17 + -116 - 8) - (-3 - -2 - -7)?
117
64 + (-12 + -52 - -15)
15
-13 + 21 + (-2 - (-10 - -3) - 9) + -67
-63
What is the value of 1 + -6 + (2 - (18 + -27)) + -7?
-1
(-18 + 21 - 46) + 14 + (-7 - 4)
-40
Evaluate 14 - (-20 + -37 + 63).
8
(1 - -3) + (56 - (-76 + 148))
-12
What is 8 + (-22 + 8 + 12 - 7)?
-1
Calculate -73 + 2 - (36 - (47 - -21) - -23).
-62
Calculate (-36 - (15 + -25 + 21)) + -12 - -7.
-52
What is the value of (34 - 32) + (-11 - (-2 - 3))?
-4
What is -18 - -11 - ((7 - -16) + -11 - 133)?
114
What is -4 - (-94 - -1) - (255 - 252)?
86
-47 - (-91 - -34) - -45
55
What is 15 - 0 - (10 + 113 + 19 + -63)?
-64
Calculate (-8 - 14) + 7 - (-1 - 77 - -21).
42
What is -2 - 6 - (1 + 7 + -15 + 9 + -70)?
60
What is -48 + 32 + -26 + -29 + -27?
-98
Calculate -33 + 5 + -24 - (-19 + 44).
-77
What is -84 - -37 - (15 - (3 - -18))?
-41
Calculate (26 - (-35 + 51) - (5 + -1)) + 10 + -10.
6
What is (118 - (60 + -40) - -45) + -8?
135
What is the value of 2 + -44 + -25 + -72 + 110?
-29
Calculate 8 + (-2 - (2 + -11) - (-1127 + 1139) - 16).
-13
What is 11 - ((2 - -40) + -183 + 196)?
-44
What is the value of 39 - (-54 + 102 - 2)?
-7
Evaluate -25 + 44 + 18 + -38.
-1
What is the value of (-12 - -2) + 424 + -370 + -5?
39
Evaluate 94 - ((14 - 1) + -2222 + 2232).
71
Calculate (2 - 17) + (-215 - -250) + -13.
7
53 - (26 - 5 - 4 - 13 - 15)
64
What is (-1 - (-2 - -1)) + (1 - -4) - (-150096 + 150165)?
-64
Evaluate 131 + -187 - (-6 + -2 + -15).
-33
What is 0 + 24 + -1888 + 1870 - -6?
12
What is (0 + -2 + 1 - (-35 - (134 - 159))) + -36?
-27
What is 2 + 19 + (-5 - (16 + 2)) + 11 + 73?
82
What is the value of 80 - 71 - ((-1 + -2 - (-1 + -9)) + -5)?
7
Evaluate -125 + (-111 - (-290 + 112)).
-58
Calculate 46 + (-89 - -8) + 7 + -29.
-57
What is the value of 28 - 1 - (-133 + (160 - 81))?
81
Evaluate -7 + (-1 - -20) - (-41 - -87).
-34
What is the value of -3 + -1 - (-66 + -61 + -19 + 136)?
6
What is the value of 14 + (8 - 76) - (-8 - 6)?
-40
Evaluate (-3 - -1) + 5 + -15 + (-2 + -48 - -96).
34
(-277 - -286) + 6 + (5 - 1 - 1)
18
Calculate -77 - (38 + (27 - 139)).
-3
Calculate -26 - (-5 + (3 - (-7 + -7) - 1)).
-37
Calculate 16 + 58 + -64 + -1.
9
Evaluate -28 - (-9 + 14 + 6 + 11 + -21).
-29
(56 - (18 - 6)) + -13 + -16
15
(25 - (25 + 6 + -10)) + 49
53
Evaluate 29 + -24 - (3 + -6 + (-3 + 4 - 24)).
31
13 - (-9 - (-15 - (0 + -17)))
24
Calculate 12 - 9 - (61 + -60).
2
Calculate -64 + 2 + 62 + 19.
19
37 - (3 - -25) - (6 - 2)
5
Evaluate 76 - (97 - 55) - 13.
21
Evaluate 16 + (5 - (-4 + 10) - 7) - -34.
42
Calculate 21 - ((-13 - -26) + 6) - 17.
-15
What is 17 - 1 - (-1 + -2) - (49 + (-167 - -104))?
33
Evaluate (39 - (-28 - (14 + -39))) + 0 + (0 - 11).
31
Evaluate 129 + (179 - 109 - 149).
50
Evaluate -26 - -22 - (31 - (0 - 8)) - 7.
-50
What is the value of 7 - (-28 - -30) - -11 - 102?
-86
What is the value of 0 + (9 - (30 - 18 - -11))?
-14
Calculate -7 - -154 - 0 - (-5 + 40).
112
What is the value of -4 - -2 - -6 - (-1158 - -1101)?
61
What is the value of (86 + -48 - 39) + (2 + -1 - -2) + -7?
-5
What is the value of -84 - (25 + (-128 - -51))?
-32
Calculate 54 - 92 - -56 - (-7 - -9 - (-2 + -1)).
13
-3 + -4 - (-4 + -47 + 9 + 2)
33
What is the value of (14 - -28) + (-33 - -76) + (2 - -14)?
101
Calculate -5 + 1 + -149 + 166.
13
Calculate 34 - ((-40 - -85) + -37).
26
What is the value of -20 + (-28 - (-1 - 9)) + (38 - 17)?
-17
What is the value of -5 + 22 + -11 + 1 - (2 - 10)?
15
What is 0 + -62 + (-2798 - -2863)?
3
What is the value of 7 + (-5 - (2 - -5)) - 2?
-7
What is the value of -2 - (-1 + 13 + -1 + -130 + -109 + 170)?
56
What is -34 + (0 - -89) + -71?
-16
What is 19 - -1 - (354 + -414)?
80
Calculate -76 + -13 + (8 - -2) + -14 - 22.
-115
Calculate -32 - (8 - (-35 + 82)).
7
Evaluate 33 + (3 + -18 - -10 - (-4 + 8)).
24
What is (11 - -113 - (54 - 22)) + -22?
70
Calculate -51 - 9 - (60 - 135).
15
What is the value of 62 - 78 - ((-10 - -8) + -11 - -2)?
-5
Evaluate 1285 - 1362 - (-112 - -4).
31
Evaluate -33 + (9 - -3) + -9 + (-16 + 8 - 0).
-38
What is -72 + (29 + 64 - 59)?
-38
What is the value of -10 + 61 - (494 + -437)?
-6
Evaluate -9 + 0 - (-3511 - -3493).
9
-30 + 39 + 101 + -40
70
What is the value of 2 + -3 + (-1 - 0) + -1 - (3700 - 3721)?
18
What is 1 - 5 - (-58 + 31) - (-98 + 100)?
21
What is the value of 12 - ((-10 - 2) + -13 + -24 +